. Calculate y(b).
-6
Let s(r) = 64*r**2 + 9*r - 42*r**2 - 24*r**2 + 8. Determine s(5).
3
Let k(x) = -x**2 + 2. Let z(h) = 4*h + 23. Let n be -1 + 8/2 + -17. Let l be z(n). Let d = l + 35. What is k(d)?
-2
Let y(v) = -2*v - 11. Suppose 3*z - 12 = 5*z. Calculate y(z).
1
Let g be (3/4)/1 - 540/(-48). Let h(j) = -2 - j - 2 - g - 3. What is h(-8)?
-11
Let v(t) = -165 + 87 - 3*t**2 + 80 - 3*t**3. Give v(-2).
14
Let w = 27 + -24. Let y(f) = 3*f + w - 2*f + 0 + 2. Determine y(0).
5
Let p be ((-8)/(-12))/(4/18). Let h(w) = 4*w**2 - 21*w - w**3 + 0*w**3 + p + 16*w + 8*w. Determine h(5).
-7
Let c(q) = 2*q**2 - q - 3. Let k(a) = a**3 - 2*a**2 - 2*a - 4. Let u be k(0). Determine c(u).
33
Let r(p) = -p**2 - 4*p - 4. Suppose 0 = 2*t + 4*h - 28, -5*t + h = -123 + 31. Let w = t - 15. Suppose -w*b - 25 = 2*b. Calculate r(b).
-9
Suppose 0 = 2*d + 2*i - 26, 43 + 10 = 5*d + 2*i. Let s be 3*(-2)/(-27)*d. Let a(m) = -m**3 + 4*m**2 - 6*m + 2 + m**2 - 3*m**2 + s*m. Give a(2).
-6
Let g(j) = -4*j**3 + 17*j**2 + 22*j - 16. Let a(h) = -h**3 + 6*h**2 + 7*h - 4. Let u(d) = -7*a(d) + 2*g(d). Calculate u(-7).
-18
Let u(i) = i. Let t(w) = -4*w + 37. Let n(l) = -t(l) - 6*u(l). Let d be n(-17). Let f(v) = v**2 + 3*v - 2. Calculate f(d).
-2
Let s(g) be the first derivative of 2*g**3/3 + 5*g**2/2 - 144. Give s(4).
52
Let a(s) = -s**2 + 5*s + 6. Suppose -26 = 3*j - 8. Let d be 1/(-3) + (-68)/(-6). Let w = j + d. Calculate a(w).
6
Let t(g) be the third derivative of -29*g**2 - 1/12*g**4 + 0 + 0*g - 5/3*g**3. Calculate t(-8).
6
Let l(o) be the first derivative of -o**4/4 - o**3/3 - o**2/2 - 269. Give l(-2).
6
Let w be ((-22)/6 - -3)/((-16)/840). Suppose 5*q - q = 20, -5*k + q = w. Let n(f) be the third derivative of f**5/60 + f**4/4 - f**3/6 + f**2. Determine n(k).
-1
Let r(l) be the second derivative of 2*l**3/3 - 11*l**2/2 - 170*l + 2. Calculate r(7).
17
Suppose -4*f + 5*n = -193, 0 = 3*f - 3*n + n - 150. Let d = f - 53. Let a(y) = -8*y**2 + y. Calculate a(d).
-9
Let p(b) = 1. Let z(q) = 13*q - 52. Let f(j) = 52*p(j) + z(j). Determine f(-1).
-13
Let f(p) be the first derivative of p**3/3 + 6*p - 440. Calculate f(-3).
15
Let u(l) = 11*l - 937*l**3 + 480*l**3 + 458*l**3 - 10*l**2 - 9. Give u(9).
9
Let u(z) = -2 + 73*z + 5*z**2 + 70*z - 141*z - 14*z**2. Determine u(2).
-34
Suppose -12 = 11*i - 14*i. Let b(l) = 0*l + i*l - 2*l - 1 - l. Suppose 3*p = 5*o + 8*p - 40, 0 = 5*o - 4*p - 31. What is b(o)?
6
Let p(r) be the first derivative of r**2 - 1/2*r**4 - r + 0*r**3 - 27. Give p(-2).
11
Let x(c) = -3*c**2 + c + 8. Let h(v) = -4*v**2 + v + 13. Let f(t) = 2*h(t) - 3*x(t). What is f(-6)?
44
Let s(t) be the third derivative of t**5/60 + t**4/24 + 23*t**3/6 - t**2 - 25. What is s(0)?
23
Let c(i) = i**3 + 14*i**2 - 14*i + 20. Let a be c(-15). Suppose 0 = a*o - 15 - 10. Let b(z) = -z**2 + 5*z - 4. Give b(o).
-4
Suppose -5*r = -15, -36 = -0*k - 4*k - 4*r. Let b be 0*2*(-1)/(-12)*k. Let v(h) = -h**2 + 7. Calculate v(b).
7
Let g(b) = b**2 - 4*b. Let h = 4 + -13. Let p be (-6)/h + (-66)/(-9). Let s(t) = 2*t - 11. Let a be s(p). What is g(a)?
5
Let q(i) = i**3 - 4*i - 3. Let r(c) = 6*c + 46. Let b be r(-8). Give q(b).
-3
Let m(q) = 16*q**2 - 335*q - 20. Let t be m(21). Let j(g) = -19*g**3 + 2*g + 5. Let h(w) = -20*w**3 + 3*w + 6. Let o(a) = 4*h(a) - 5*j(a). Determine o(t).
16
Let p(z) = z**3 - 2*z**2 - 7*z. Let a = 249 - 244. What is p(a)?
40
Let q(z) = 3*z - 11. Suppose 6*k = 2*k + 4. Let r be 1*k/(1/5). Let g be q(r). Let w(u) = -u**3 + 4*u**2 + 3*u - 3. What is w(g)?
9
Let t(u) = u - 8. Let q be t(8). Let r(n) = 1 - 12*n + 11*n + 6 + q. Give r(5).
2
Let t(o) = 2*o**2 + o - 2. Suppose -10*u + 28*u = -36. Determine t(u).
4
Let s(c) = 7*c - 6. Let z(m) = 2 + 2 - 3*m - 1. Let u(j) = -4*s(j) - 9*z(j). Calculate u(0).
-3
Let u(h) be the third derivative of -5/24*h**4 - 1/60*h**5 + 5/6*h**3 + 2*h**2 + 0 + 0*h. Determine u(-6).
-1
Let j(m) = -7*m**2 + 16*m**2 - 10*m**2 + 1 - 4*m. Determine j(-4).
1
Let l(s) = -s**2 + s. Suppose -7*b - 5 = -12*b. Let g be l(b). Let m(p) = -5*p**2 + g*p**2 + p**3 - 2*p**2 - 8*p + p**2 + 2. Determine m(7).
-5
Suppose -5*j + 0*j = 0. Let h(m) = 2 + 4*m - 5*m + 3*m**2 - m**3 - 2*m**2. What is h(j)?
2
Suppose -5*z + 8 = -3*q - 2, 2*z + 5*q = 35. Let p(n) = 4*n + 3. What is p(z)?
23
Let o = 1 + -1. Let z(p) = -1 - 3 + p**2 - 5*p + o*p. Suppose 13 + 19 = 8*a. Calculate z(a).
-8
Suppose 0 = -5*d + 15, -2*u + 2 = 5*d - 21. Let i be -7 + u + 7 + -2. Let r(n) = 5 - 55*n**i + 26*n**2 - 5*n + 28*n**2. Give r(-4).
9
Suppose -2*o = j, 7 = o - 2*j - j. Let y(b) be the first derivative of 7*b**4/2 - 2*b**3/3 + b**2 - b - 4380. Determine y(o).
13
Let h(k) be the second derivative of k**3/6 + 2*k**2 + k. Let a(x) = x**3 - 14*x**2 - 29*x + 2. Let w be a(16). Let i = w + -50. Determine h(i).
4
Let q(k) = 2*k. Let h = -628 - -627. Give q(h).
-2
Let m(i) = -i**3 + 5*i**2 - 3*i - 1. Let l be (-1)/6 + 104/48. Suppose -h + l*j = 2, 3*h - 8*h + 23 = j. Give m(h).
3
Let b(j) = 36452*j**2 + 2 - 8*j**3 - 4 - 36452*j**2 + j. Calculate b(1).
-9
Let f = 10 + -14. Let y(h) be the third derivative of -h**7/5040 - h**6/360 - h**5/2 + 21*h**2. Let r(c) be the third derivative of y(c). Calculate r(f).
2
Let q(s) = -4 - 5*s + 0*s**2 + 0*s + s**3 + 6*s - 3*s**2 - 3*s. Determine q(3).
-10
Let p(b) be the second derivative of b**6/360 - b**5/15 - 29*b**4/12 + 23*b. Let g(v) be the third derivative of p(v). Give g(8).
8
Let l(p) = -p**2 - 7*p + 6. Suppose -3*j - 25 = 2*y, -2*j + 51 = -7*j - y. Let g be (-2 - -1) + 4 + j. What is l(g)?
-2
Let j(p) = -3*p + 12. Let f be j(9). Let s be (f/20)/((-1)/4). Let a(l) = -l + 1. Give a(s).
-2
Let z(h) = -h + 4. Suppose -2*w - 5*n + 6 = 0, 2*w = 7*w + n - 15. Calculate z(w).
1
Let w = 1126 - 1126. Let u(l) = -l**2 + 3*l - 14. Calculate u(w).
-14
Let c = -3 + 7. Let r(u) be the third derivative of u**6/360 + u**5/40 - 19*u**4/24 - 4*u**2. Let t(g) be the second derivative of r(g). What is t(c)?
11
Let b(z) = -z**3 - 12*z**2 - 2*z - 9. Let y be b(-12). Let c be 12*(3 - (-1)/4). Suppose -c = 4*u - y. Let v(q) = q + 6. Determine v(u).
0
Let d(j) be the first derivative of -7/2*j**2 - 1/3*j**3 - 7*j - 1. Let b = -10859 + 10853. Calculate d(b).
-1
Let f(s) = 2*s**2 - 20*s + 18. Let o be f(9). Let u(m) = 3*m - 5 + o + 1 + 3. What is u(-2)?
-7
Let v(o) = 20*o**2 + 2*o - 2*o**2 - 19*o**2 + 0*o + 2. Determine v(-3).
-13
Let w = -3 + 5. Let y(b) = 1 + 0 + 5*b**2 - 6*b**w. Let g(n) = -12*n**2 + 3. Let o(d) = -g(d) + 3*y(d). What is o(-1)?
9
Let c(j) = j + 3. Let w(g) = 3. Let u(n) = c(n) - 3*w(n). Determine u(5).
-1
Let a(o) = -5*o. Let h = 44 - 34. Let b be (-14)/h - 2/(-5). Calculate a(b).
5
Let k(u) = 3*u**2 + 4*u - 3. Let j(p) = p**3 - p**2 - 2*p + 1. Let c(m) = -2*j(m) - k(m). Determine c(2).
-19
Let i = -20 + 29. Let t(s) = 2*s - 10 + 1 - i*s + 6*s**2 - 5. Let m(c) = -5*c**2 + 7*c + 13. Let n(r) = 7*m(r) + 6*t(r). Determine n(-5).
-3
Let o(b) be the second derivative of b**3/2 - 3*b**2 - 12*b. Calculate o(0).
-6
Let t = -243 - -250. Let a(y) = -y + 8. Calculate a(t).
1
Let o(l) = -l - 3. Let q be o(-4). Let y = 1 + q. Let p(t) = -26*t - 24. Let s(v) = 8*v + 7. Let w(a) = -3*p(a) - 10*s(a). Calculate w(y).
-2
Suppose 2*m + 3*m = 3*h + 35, -h = 5. Suppose 0 = -4*j - 2*a - 0 - 12, -2*j = -m*a - 14. Let x(k) = -1. Let w(u) = -u - 1. Let p(b) = w(b) - x(b). Give p(j).
1
Let l = -295 + 295. Let w(p) be the second derivative of 1/6*p**3 + l*p**2 - 5*p + 0. Determine w(6).
6
Let a(h) be the third derivative of -1/6*h**3 + 0 - 13/24*h**4 + 7*h**2 + 0*h. Determine a(1).
-14
Let s(u) = 2*u**2 - 12. Let q(w) = 2*w**2 - 9. Let h(d) = -4*q(d) + 3*s(d). Let r = 1 + -2. Let x be 0/(0 + r) - -1. Determine h(x).
-2
Let n(w) = w**3 - 2*w**2 - 2*w - 3. Let f(d) = 5*d**3 - 7*d**2 - 7*d - 12. Let h(o) = -2*f(o) + 9*n(o). Suppose -4*z - 21 = -5. Determine h(z).
13
Let c(s) = -3 + 0*s + 8 + 1 - 4 + 2*s. Suppose -j + f = 4*j + 13, f = -2. Calculate c(j).
-4
Let o = 4 + 13. Let u(p) = -14*p + 59. Let a(c) = 5*c - 20. Let t(s) = o*a(s) + 6*u(s). Give t(-6).
8
Let u(h) = 0 - 2*h + 3*h**2 - 1 - 2*h**2. Suppose -36*n + 20*n + 18 = -34*n. Determine u(n).
2
Let h(w) be the third derivative of -w**4/24 - w**3/3 - 23*w**2 - 7*w. Calculate h(-10).
8
Let h = -196 + 196. Let j(l) = l**2 + 2 - 5 - l**3 - 2*l**2 + 